s the thousands digit of 841148?
1
What is the thousands digit of 1330542?
0
What is the hundreds digit of 1251040?
0
What is the thousands digit of 436159?
6
What is the hundreds digit of 967295?
2
What is the hundreds digit of 2521337?
3
What is the hundreds digit of 220182?
1
What is the hundreds digit of 1123796?
7
What is the units digit of 666654?
4
What is the hundreds digit of 331695?
6
What is the units digit of 33486828?
8
What is the thousands digit of 96867?
6
What is the hundred thousands digit of 718315?
7
What is the hundreds digit of 11030?
0
What is the units digit of 33729204?
4
What is the hundreds digit of 8631?
6
What is the hundreds digit of 93438?
4
What is the millions digit of 1882716?
1
What is the hundred thousands digit of 26503887?
5
What is the units digit of 3988048?
8
What is the hundreds digit of 2145842?
8
What is the thousands digit of 253541?
3
What is the hundreds digit of 2827783?
7
What is the millions digit of 1836945?
1
What is the hundred thousands digit of 119595?
1
What is the thousands digit of 190512?
0
What is the tens digit of 34016795?
9
What is the units digit of 19747019?
9
What is the hundreds digit of 1784772?
7
What is the ten thousands digit of 4539827?
3
What is the units digit of 2664154?
4
What is the hundreds digit of 1813449?
4
What is the millions digit of 4047960?
4
What is the thousands digit of 198835?
8
What is the hundreds digit of 605977?
9
What is the ten thousands digit of 65343?
6
What is the hundreds digit of 79683?
6
What is the hundred thousands digit of 143307?
1
What is the hundred thousands digit of 943412?
9
What is the thousands digit of 803232?
3
What is the thousands digit of 407543?
7
What is the thousands digit of 309845?
9
What is the hundreds digit of 1258016?
0
What is the tens digit of 18257710?
1
What is the units digit of 429983?
3
What is the hundreds digit of 316822?
8
What is the millions digit of 1997902?
1
What is the hundred thousands digit of 102080?
1
What is the ten thousands digit of 1034815?
3
What is the ten thousands digit of 164652?
6
What is the millions digit of 1594141?
1
What is the thousands digit of 5590817?
0
What is the ten thousands digit of 10028114?
2
What is the units digit of 492742?
2
What is the hundreds digit of 224817?
8
What is the hundred thousands digit of 149458?
1
What is the thousands digit of 2508278?
8
What is the hundreds digit of 160808?
8
What is the units digit of 726006?
6
What is the units digit of 4919071?
1
What is the millions digit of 4699982?
4
What is the hundred thousands digit of 176428?
1
What is the tens digit of 642387?
8
What is the millions digit of 8915847?
8
What is the units digit of 3908937?
7
What is the thousands digit of 2092775?
2
What is the ten thousands digit of 5892628?
9
What is the hundred thousands digit of 7095420?
0
What is the hundred thousands digit of 574958?
5
What is the units digit of 30557078?
8
What is the hundred thousands digit of 5387560?
3
What is the millions digit of 35821285?
5
What is the millions digit of 31448756?
1
What is the millions digit of 1674244?
1
What is the tens digit of 2991660?
6
What is the hundred thousands digit of 4200715?
2
What is the units digit of 30214?
4
What is the tens digit of 679067?
6
What is the hundred thousands digit of 139921?
1
What is the hundreds digit of 11686352?
3
What is the ten thousands digit of 15518526?
1
What is the units digit of 570014?
4
What is the ten thousands digit of 1820764?
2
What is the ten thousands digit of 5828354?
2
What is the hundred thousands digit of 529594?
5
What is the ten thousands digit of 838233?
3
What is the units digit of 209?
9
What is the thousands digit of 2889365?
9
What is the thousands digit of 6316950?
6
What is the thousands digit of 426867?
6
What is the hundred thousands digit of 453525?
4
What is the hundred thousands digit of 782936?
7
What is the ten thousands digit of 253180?
5
What is the ten thousands digit of 3148247?
4
What is the hundred thousands digit of 438594?
4
What is the hundred thousands digit of 1889933?
8
What is the hundreds digit of 2711167?
1
What is the hundreds digit of 159327?
3
What is the millions digit of 2104426?
2
What is the ten thousands digit of 300372?
0
What is the thousands digit of 2664495?
4
What is the hundreds digit of 423435?
4
What is the thousands digit of 2026107?
6
What is the hundred thousands digit of 20525813?
5
What is the units digit of 150928?
8
What is the units digit of 152451?
1
What is the hundred thousands digit of 1269325?
2
What is the thousands digit of 17014986?
4
What is the ten millions digit of 14636309?
1
What is the thousands digit of 1063783?
3
What is the thousands digit of 267728?
7
What is the ten thousands digit of 471806?
7
What is the ten thousands digit of 157038?
5
What is the tens digit of 8945045?
4
What is the thousands digit of 5443050?
3
What is the units digit of 3453641?
1
What is the hundred thousands digit of 16924771?
9
What is the hundreds digit of 1483729?
7
What is the hundred thousands digit of 1638728?
6
What is the ten thousands digit of 6614459?
1
What is the tens digit of 17212965?
6
What is the tens digit of 906677?
7
What is the thousands digit of 739977?
9
What is the hundred thousands digit of 4141799?
1
What is the thousands digit of 678408?
8
What is the ten thousands digit of 186708?
8
What is the millions digit of 1193079?
1
What is the tens digit of 9335684?
8
What is the hundred thousands digit of 32354786?
3
What is the thousands digit of 11332933?
2
What is the hundreds digit of 24907477?
4
What is the thousands digit of 1243466?
3
What is the hundred thousands digit of 1558071?
5
What is the ten thousands digit of 8381427?
8
What is the tens digit of 2404953?
5
What is the millions digit of 40127471?
0
What is the units digit of 5473213?
3
What is the hundred thousands digit of 2094110?
0
What is the tens digit of 674412?
1
What is the ten thousands digit of 7911674?
1
What is the thousands digit of 150329?
0
What is the hundred thousands digit of 135215?
1
What is the hundreds digit of 10561779?
7
What is the hundreds digit of 704559?
5
What is the hundred thousands digit of 1091675?
0
What is the millions digit of 7574360?
7
What is the units digit of 635995?
5
What is the units digit of 63146?
6
What is the hundreds digit of 2320886?
8
What is the hundred thousands digit of 866721?
8
What is the hundred thousands digit of 427225?
4
What is the units digit of 31947?
7
What is the thousands digit of 9859053?
9
What is the units digit of 2743794?
4
What is the units digit of 10076902?
2
What is the ten thousands digit of 662514?
6
What is the units digit of 1189263?
3
What is the millions digit of 1104376?
1
What is the hundred thousands digit of 1960593?
9
What is the hundreds digit of 3570459?
4
What is the units digit of 251902?
2
What is the units digit of 288865?
5
What is the tens digit of 139302?
0
What is the millions digit of 4573881?
4
What is the thousands digit of 524726?
4
What is the hundred thousands digit of 2538261?
5
What is the ten thousands digit of 158373?
5
What is the tens digit of 675931?
3
What is the ten thousands digit of 19027553?
2
What is the ten thousands digit of 89343?
8
What is the thousands digit of 1627743?
7
What is the millions digit of 1224252?
1
What is the units digit of 11798?
8
What is the tens digit of 644191?
9
What is the thousands digit of 314895?
4
What is the ten thousands digit of 22714?
2
What is the thousands digit of 262823?
2
What is the hundreds digit of 1675411?
4
What is the hundred thousands digit of 9374301?
3
What is the units digit of 8737056?
6
What is the tens digit of 4471271?
7
What is the tens digit of 55095?
9
What is the tens digit of 842134?
3
What is the ten thousands digit of 76560?
7
What is the hundred thousands digit of 906334?
9
What is the tens digit of 1009444?
4
What is the millions digit of 18347289?
8
What is the units digit of 20076031?
1
What is the hundreds digit of 5974099?
0
What is the units digit of 1777699?
9
What is the hundreds digit of 478916?
9
What is the tens digit of 2602098?
9
What is the units digit of 123965?
5
What is the ten thousands digit of 1706813?
0
What is the ten millions 